 common factor of p and x?
21
Let v = 3 + 0. Suppose -5*a + q = -252, v*q - 99 = -3*a + 45. Calculate the highest common divisor of 10 and a.
10
Let o be 20/30*(69 - (1 - -2)). Calculate the highest common factor of o and 33.
11
Let o(b) = 9*b**2 - 3*b - 36. Let l(y) = -2*y**2 + y + 9. Let t(g) = 21*l(g) + 5*o(g). Let c be t(-5). What is the greatest common factor of 36 and c?
18
Let g = 13 + -8. Suppose -4*a + 5*a - 4 = 0. Suppose a*v - 10 = 2*v. Calculate the highest common divisor of v and g.
5
Suppose -7 = -2*b - 21. Let h(k) = -k**2 - 10*k - 6. Let m be h(b). What is the greatest common factor of m and 5?
5
Suppose -2*h = -4*h + 560. What is the highest common divisor of 35 and h?
35
Let y be 2/3 - 140/(-6). Calculate the greatest common divisor of 12 and y.
12
Suppose 0 = -4*w - 2*p + 244, -3*p = -w - 0*p + 47. Let a = w + -41. What is the greatest common divisor of 6 and a?
6
Let q = 131 - 75. What is the highest common divisor of q and 8?
8
Let h = -26 + 48. Calculate the greatest common factor of h and 2.
2
Let l be (-3)/((-9)/6) + -1. Let b be (-104)/(-12) + 1/3. What is the highest common factor of l and b?
1
Suppose -2*d = -0*d - 4*o - 78, -4*o + 54 = 2*d. Suppose 7*t - 176 = -t. What is the highest common divisor of t and d?
11
Let u(l) = 4*l - 3. Let n be u(2). Let r = n - -6. What is the highest common divisor of 77 and r?
11
Suppose -16 = -5*s - 5*f + 4, 4*f + 4 = s. Let d(m) = m**3 + 10*m**2 + 4. Let l be d(-10). What is the highest common divisor of s and l?
4
Suppose -5*a - 5*m + 55 = 0, 2*m - 2 - 2 = 0. What is the greatest common divisor of a and 63?
9
Suppose -j = -6*j + 5*f + 35, -4 = 4*j + 4*f. Calculate the highest common factor of 6 and j.
3
Let l(v) = -v**3 + v**2 + 2*v - 3. Let k be l(2). Let t be 1 - (20/(-2) - k). Calculate the highest common factor of t and 64.
8
Let a = 61 + 31. Calculate the greatest common factor of 23 and a.
23
Let y = 1 + 43. Calculate the greatest common divisor of y and 22.
22
Suppose -2*k - l + 17 + 16 = 0, 5*l + 56 = 3*k. Calculate the greatest common divisor of k and 68.
17
Let i be (-1 - -1 - -46) + 2. Calculate the highest common factor of 12 and i.
12
Let i = 4 - 3. Let a(n) = -n**2 - 11*n + 14. Let d be a(-12). Calculate the greatest common factor of d and i.
1
Let l = 8 - 6. Let f(d) = 3 + d**3 - 4 - d - 2*d**2 + l*d. Let y be f(2). Calculate the highest common divisor of y and 4.
1
Suppose -14 = -3*r - 2. Suppose r*c + 24 = -0*c. Let u(w) = -w**3 - 6*w**2 - 5*w - 8. Let z be u(c). What is the highest common divisor of z and 55?
11
Suppose 3*n + n - 14 = 2*w, 71 = -5*w + n. Let q = w + 27. What is the highest common factor of 3 and q?
3
Let k = -56 - -32. Let r = -4 - k. Calculate the highest common factor of r and 10.
10
Suppose -2*r - 4*b + 100 = b, 0 = -2*r + b + 124. What is the highest common factor of 12 and r?
12
Let h(w) = 65*w**3 + w. Let x be h(1). Let i be x*((2 - 0) + 1). What is the greatest common factor of 18 and i?
18
Let q(k) = -k - 9. Let f be q(-12). What is the highest common divisor of f and 33?
3
Let h be 21 + (-1 - (3 - 2)). Calculate the greatest common divisor of 133 and h.
19
Suppose -120 = -5*m - 5*o - 35, 5*m = -4*o + 83. Let c(a) = 5 + 2*a + 0 + a - 2*a. Let b be c(0). What is the highest common divisor of b and m?
5
Let v = 6 + -3. Suppose -2*u - 5 = v*u. Let m be (7 + u)/((-3)/(-8)). Calculate the greatest common divisor of 144 and m.
16
Let d(z) = z**2 + 4*z - 5. Let p be d(5). Let b(o) = 9*o**2 - o + 2. Let h be -3 + 1 + 0 + 3. Let w be b(h). What is the greatest common factor of p and w?
10
Let u be (1/((-2)/16))/(-1). Suppose u*d - 4*d = -24. Let k = d - -10. What is the highest common divisor of k and 6?
2
Let o(z) = 3*z - 1. Let k be o(3). Suppose -665 = -4*y + 1095. Suppose -y = -5*a + u, -4*a + 2*u = u - 352. What is the highest common factor of k and a?
8
Suppose 9 = -2*w + 5*w. Let m = w + 0. What is the greatest common factor of 6 and m?
3
Suppose -4*q + 2*q = -8. Suppose 5*c + 11 - 51 = 5*n, -q*n = c + 2. What is the highest common divisor of 42 and c?
6
Suppose -4*y = -5*s + 94 + 66, 3*s - 3*y - 96 = 0. Calculate the greatest common divisor of 288 and s.
32
Let j(i) = i + 11. Let z be j(-11). Suppose 286 = 4*l - n, z = n - 5*n + 8. Calculate the highest common divisor of 8 and l.
8
Let y be (3 + 24/(-9))*171. Calculate the highest common divisor of y and 19.
19
Let r(i) = -i**2 + 7*i - 4. Let u be r(6). Suppose -2*q + 12 = 3*n - 1, 4*n + u*q = 14. Let w be 3/(-6) - 5/(-2). What is the greatest common factor of n and w?
1
Let r = -58 - -106. Suppose -2*g - r + 176 = 0. Calculate the highest common factor of g and 16.
16
Suppose -t = -2*t + 123. Let q = 175 - t. What is the highest common divisor of 26 and q?
26
Suppose -2*u + 231 = 3*x, -4*u + x + 455 = -0*x. Suppose -2*l - 2*j + 39 = -7*j, 4*j = -5*l + u. What is the highest common divisor of 22 and l?
22
Let g = 18 - 16. Let c be (0 + 0)/g - -50. What is the greatest common divisor of 10 and c?
10
Suppose 5*j - 3 = -w + 7, w - 6 = -j. Suppose 0*u = w*u + 30. Let k = 12 + u. Calculate the highest common divisor of 6 and k.
6
Let f = 4 + -3. Let d be 97 + 2/f + 1. Suppose d = 5*j - 5*g, 0*j + 3*j - 60 = -3*g. What is the highest common divisor of 8 and j?
4
Let c be ((-14)/14)/(1/(-44)). Calculate the greatest common factor of 308 and c.
44
Let s(c) = 30*c**3 - 4*c**2 + 4*c + 2. Let r be s(2). What is the greatest common factor of r and 18?
18
Suppose 7*x = -108 + 486. Let u = -131 + 203. Suppose -5*n + u = -n. What is the highest common divisor of x and n?
18
Let g be 87/(-174)*((-1)/1 + -23). What is the highest common factor of g and 156?
12
Suppose 16 = 4*d - 28. What is the greatest common divisor of 22 and d?
11
Suppose -96 = -3*j - j. Calculate the highest common divisor of 216 and j.
24
Let h(g) = 4*g**2 + 5*g + 5. Let x be h(3). What is the highest common factor of x and 7?
7
Let d = -16 + 19. Suppose 2*y = -d*y + 585. What is the highest common divisor of y and 13?
13
Suppose 0 = s + 3*s - 24. Let n = 130 - 82. What is the highest common divisor of n and s?
6
Let r be 20 - (1 - (-2 + 1)). Let a(o) = -2*o - 2. Let q = -12 + 10. Let d be a(q). What is the greatest common factor of d and r?
2
Let j = 9 + -4. Suppose p + 2*l - 71 = 6*l, -j*p + 379 = 4*l. What is the greatest common divisor of p and 15?
15
Let j = -22 - -18. Let p be (210/(-9))/(j/12). Calculate the greatest common divisor of p and 10.
10
Let q = 28 + 35. Suppose -l + 8 = g, 4*g - l - 30 = -3*l. Calculate the highest common divisor of g and q.
7
Suppose -223*w = -222*w - 84. Let k = 29 - -27. What is the greatest common factor of w and k?
28
Let g = -94 + 122. What is the greatest common factor of g and 224?
28
Let f be 1 - 2 - (-3)/1. Calculate the highest common factor of 3 and f.
1
Suppose 2*n + 3*n - k - 877 = 0, -3*k = 3*n - 537. Calculate the highest common divisor of 16 and n.
16
Let b be 2*62*(-2)/(-8). Suppose -v = -2*a - 0*v + b, -37 = -2*a - v. Calculate the greatest common factor of 51 and a.
17
Let h = 16 - 1. Calculate the greatest common divisor of h and 15.
15
Suppose -3*u = -3*f - 21, -2*f + 10 = u - 0*f. Calculate the highest common divisor of u and 72.
8
Suppose -5*d + 85 = -45. Calculate the highest common divisor of 208 and d.
26
Suppose -5*l + 22 = 4*k, 5*k - 10 = -4*l + 13. Suppose 80 = k*c + c. What is the greatest common factor of c and 4?
4
Suppose -2*j = -0*j + 4*n + 24, -2*n = 2*j + 18. Let q be ((-16)/(-6))/(2/j). Let s be (-268)/(-9) - q/36. Calculate the highest common factor of s and 6.
6
Let f(h) = h**3 + h**2 + 3. Let x be f(2). Let p(a) = -a**3 - 5*a**2 - a. Let o be p(-5). What is the greatest common divisor of x and o?
5
Let b = 44 - 25. Let j = b - 9. Suppose f - t = j, 5*f - t + 0*t - 42 = 0. Calculate the highest common divisor of f and 20.
4
Suppose 0 = 4*f - 0*f + 5*b - 148, -2*b = -f + 24. What is the greatest common factor of 16 and f?
16
Suppose 5*v - z - 115 + 45 = 0, -3*z = 0. Suppose 2*i - 12 - 4 = 5*m, 10 = 5*m. Let k = 20 - i. What is the highest common divisor of k and v?
7
Suppose 12 = -2*o - 4*m + 2, 5*o - 20 = -m. Calculate the greatest common factor of 1 and o.
1
Let a = 6 + -6. Suppose -2*i - 2*h = h - 7, a = 5*i - 4*h - 52. Calculate the highest common fact